{"id":290,"date":"2018-12-03T17:39:11","date_gmt":"2018-12-03T16:39:11","guid":{"rendered":"http:\/\/uksondraszek.pl\/test\/?page_id=290"},"modified":"2022-10-31T18:18:01","modified_gmt":"2022-10-31T17:18:01","slug":"12-lat","status":"publish","type":"page","link":"https:\/\/www.uksondraszek.pl\/index.php\/klub\/rekordy-klubu-2\/dziewczeta\/12-lat\/","title":{"rendered":"12 lat"},"content":{"rendered":"\n<table class=\"wp-block-table\"><tbody><tr><td>\n\t\t\t<strong>Styl, dystans<\/strong>\n\t\t<\/td><td>\n\t\t\t<strong>czas<\/strong>\n\t\t<\/td><td>\n\t\t\t<strong>zawodnik<\/strong>\n\t\t<\/td><td>\n\t\t\t<strong>data<\/strong>\n\t\t<\/td><td>\n\t\t\t<strong>miejscowo\u015b\u0107<\/strong>\n\t\t<\/td><\/tr><tr><td>\n\t\t\tDowolny, 50m\n\t\t<\/td><td>\n\t\t\t31,72\n\t\t<\/td><td>\n\t\t\tMagdalena Gach\n\t\t<\/td><td>\n\t\t\t23.12.2017\n\t\t<\/td><td>\n\t\t\tO\u015bwi\u0119cim\n\t\t<\/td><\/tr><tr><td>\n\t\t\tDowolny, 100m\n\t\t<\/td><td>\n\t\t\t01:09,01\n\t\t<\/td><td>\n\t\t\tMagdalena Gach\n\t\t<\/td><td>\n\t\t\t28.10.2017\n\t\t<\/td><td>\n\t\t\tBielsko-Bia\u0142a\n\t\t<\/td><\/tr><tr><td>\n\t\t\tDowolny, 200m\n\t\t<\/td><td>\n\t\t\t02:30,47\n\t\t<\/td><td>\n\t\t\tMagdalena Gach\n\t\t<\/td><td>\n\t\t\t14.12.2017\n\t\t<\/td><td>\n\t\t\tRacib\u00f3rz\n\t\t<\/td><\/tr><tr><td>\n\t\t\tDowolny, 400m\n\t\t<\/td><td>\n\t\t\t05:15,72\n\t\t<\/td><td>\n\t\t\tMagdalena Gach\n\t\t<\/td><td>\n\t\t\t18.11.2017\n\t\t<\/td><td>\n\t\t\tO\u015bwi\u0119cim\n\t\t<\/td><\/tr><tr><td>\n\t\t\tDowolny, 800m\n\t\t<\/td><td>\n\t\t\t10:42,08\n\t\t<\/td><td>\n\t\t\tMagdalena Gach\n\t\t<\/td><td>\n\t\t\t18.11.2017\n\t\t<\/td><td>\n\t\t\tO\u015bwi\u0119cim\n\t\t<\/td><\/tr><tr><td>\n\t\t\tDowolny, 1500m\n\t\t<\/td><td>\n\t\t\t&#8211;\n\t\t<\/td><td>\n\t\t\t&#8211;\n\t\t<\/td><td>\n\t\t\t&#8211;\n\t\t<\/td><td>\n\t\t\t&#8211;\n\t\t<\/td><\/tr><tr><td>\n\t\t\t<strong>Klasyczny, 50m<\/strong>\n\t\t<\/td><td>\n\t\t\t<strong>38,65<\/strong>\n\t\t<\/td><td>\n\t\t\t<strong>Alicja Lubi\u0144ska<\/strong>\n\t\t<\/td><td>\n\t\t\t<strong>7.10.2017<\/strong>\n\t\t<\/td><td>\n\t\t\t<strong>Tarnowskie G\u00f3ry<\/strong>\n\t\t<\/td><\/tr><tr><td>\n\t\t\t<strong>Klasyczny, 100m<\/strong>\n\t\t<\/td><td>\n\t\t\t<strong>01:24,05<\/strong>\n\t\t<\/td><td>\n\t\t\t<strong>Alicja Lubi\u0144ska<\/strong>\n\t\t<\/td><td>\n\t\t\t<strong>28.10.2017<\/strong>\n\t\t<\/td><td>\n\t\t\t<strong>Bielsko-Bia\u0142a<\/strong>\n\t\t<\/td><\/tr><tr><td>\n\t\t\t<strong>Klasyczny, 200m<\/strong>\n\t\t<\/td><td>\n\t\t\t<strong>02:58,64<\/strong>\n\t\t<\/td><td>\n\t\t\t<strong>Alicja Lubi\u0144ska<\/strong>\n\t\t<\/td><td>\n\t\t\t<strong>30.09.2017<\/strong>\n\t\t<\/td><td>\n\t\t\t<strong>Karvina<\/strong>\n\t\t<\/td><\/tr><tr><td>\n\t\t\tGrzbietowy, 50m\n\t\t<\/td><td>\n\t\t\t34,74\n\t\t<\/td><td>\n\t\t\tZofia Lech\n\t\t<\/td><td>\n\t\t\t12.11.2016\n\t\t<\/td><td>\n\t\t\tBielsko-Bia\u0142a\n\t\t<\/td><\/tr><tr><td>\n\t\t\tGrzbietowy, 100m\n\t\t<\/td><td>\n\t\t\t01:13,82\n\t\t<\/td><td>\n\t\t\tAlicja Lubi\u0144ska\n\t\t<\/td><td>\n\t\t\t25.11.2017\n\t\t<\/td><td>\n\t\t\tTychy\n\t\t<\/td><\/tr><tr><td>\n\t\t\tGrzbietowy, 200m\n\t\t<\/td><td>\n\t\t\t02:35,06\n\t\t<\/td><td>\n\t\t\tAlicja Lubi\u0144ska\n\t\t<\/td><td>\n\t\t\t14.12.2017\n\t\t<\/td><td>\n\t\t\tRacib\u00f3rz\n\t\t<\/td><\/tr><tr><td>\n\t\t\t<strong>Motylkowy, 50m<\/strong>\n\t\t<\/td><td>\n\t\t\t<strong>32,71<\/strong>\n\t\t<\/td><td>\n\t\t\t<strong>Oliwia Borowska<\/strong>\n\t\t<\/td><td>\n\t\t\t<strong>15.12.2018<\/strong>\n\t\t<\/td><td>\n\t\t\t<strong>Wola<\/strong>\n\t\t<\/td><\/tr><tr><td>\n\t\t\t<strong>Motylkowy, 100m<\/strong>\n\t\t<\/td><td>\n\t\t\t<strong>01:15,75<\/strong>\n\t\t<\/td><td>\n\t\t\t<strong>Oliwia Borowska<\/strong>\n\t\t<\/td><td>\n\t\t\t<strong>22.12.2018<\/strong>\n\t\t<\/td><td>\n\t\t\t<strong>O\u015bwi\u0119cim<\/strong>\n\t\t<\/td><\/tr><tr><td>\n\t\t\t<strong>Motylkowy, 200m<\/strong>\n\t\t<\/td><td>\n\t\t\t<strong>02:56,53<\/strong>\n\t\t<\/td><td>\n\t\t\t<strong>Magdalena Gach<\/strong>\n\t\t<\/td><td>\n\t\t\t<strong>17.12.2017<\/strong>\n\t\t<\/td><td>\n\t\t\t<strong>Paw\u0142owice<\/strong>\n\t\t<\/td><\/tr><tr><td>\n\t\t\tZmienny, 100m\n\t\t<\/td><td>\n\t\t\t01:14,65\n\t\t<\/td><td>\n\t\t\tAlicja Lubi\u0144ska\n\t\t<\/td><td>\n\t\t\t14.12.2017\n\t\t<\/td><td>\n\t\t\tRacib\u00f3rz\n\t\t<\/td><\/tr><tr><td>\n\t\t\tZmienny, 200m\n\t\t<\/td><td>\n\t\t\t02:40,34\n\t\t<\/td><td>\n\t\t\tAlicja Lubi\u0144ska\n\t\t<\/td><td>\n\t\t\t14.12.2017\n\t\t<\/td><td>\n\t\t\tRacib\u00f3rz\n\t\t<\/td><\/tr><tr><td>\n\t\t\tZmienny, 400m\n\t\t<\/td><td>\n\t\t\t&#8211;\n\t\t<\/td><td>\n\t\t\t&#8211;\n\t\t<\/td><td>\n\t\t\t&#8211;\n\t\t<\/td><td>\n\t\t\t&#8211;\n\t\t<\/td><\/tr><\/tbody><\/table>\n\n\n\n<p>basen 25m, wyniki z www.swimrankings.net, aktualizacja: 31 pa\u017adziernika 2022 roku <\/p>\n","protected":false},"excerpt":{"rendered":"<p>Styl, dystans czas zawodnik data miejscowo\u015b\u0107 Dowolny, 50m 31,72 Magdalena Gach 23.12.2017 O\u015bwi\u0119cim Dowolny, 100m 01:09,01 Magdalena Gach 28.10.2017 Bielsko-Bia\u0142a Dowolny, 200m 02:30,47 Magdalena Gach 14.12.2017 Racib\u00f3rz Dowolny, 400m 05:15,72 Magdalena Gach 18.11.2017 O\u015bwi\u0119cim Dowolny, 800m 10:42,08 Magdalena Gach 18.11.2017 O\u015bwi\u0119cim Dowolny, 1500m &#8211; &#8211; &#8211; &#8211; Klasyczny, 50m 38,65 Alicja Lubi\u0144ska 7.10.2017 Tarnowskie G\u00f3ry&hellip; <br \/> <a class=\"read-more\" href=\"https:\/\/www.uksondraszek.pl\/index.php\/klub\/rekordy-klubu-2\/dziewczeta\/12-lat\/\">Dowiedz si\u0119 wi\u0119cej<\/a><\/p>\n","protected":false},"author":1,"featured_media":0,"parent":259,"menu_order":0,"comment_status":"closed","ping_status":"closed","template":"","meta":{"_monsterinsights_skip_tracking":false,"_monsterinsights_sitenote_active":false,"_monsterinsights_sitenote_note":"","_monsterinsights_sitenote_category":0,"footnotes":""},"class_list":["post-290","page","type-page","status-publish","hentry"],"_links":{"self":[{"href":"https:\/\/www.uksondraszek.pl\/index.php\/wp-json\/wp\/v2\/pages\/290","targetHints":{"allow":["GET"]}}],"collection":[{"href":"https:\/\/www.uksondraszek.pl\/index.php\/wp-json\/wp\/v2\/pages"}],"about":[{"href":"https:\/\/www.uksondraszek.pl\/index.php\/wp-json\/wp\/v2\/types\/page"}],"author":[{"embeddable":true,"href":"https:\/\/www.uksondraszek.pl\/index.php\/wp-json\/wp\/v2\/users\/1"}],"replies":[{"embeddable":true,"href":"https:\/\/www.uksondraszek.pl\/index.php\/wp-json\/wp\/v2\/comments?post=290"}],"version-history":[{"count":3,"href":"https:\/\/www.uksondraszek.pl\/index.php\/wp-json\/wp\/v2\/pages\/290\/revisions"}],"predecessor-version":[{"id":1275,"href":"https:\/\/www.uksondraszek.pl\/index.php\/wp-json\/wp\/v2\/pages\/290\/revisions\/1275"}],"up":[{"embeddable":true,"href":"https:\/\/www.uksondraszek.pl\/index.php\/wp-json\/wp\/v2\/pages\/259"}],"wp:attachment":[{"href":"https:\/\/www.uksondraszek.pl\/index.php\/wp-json\/wp\/v2\/media?parent=290"}],"curies":[{"name":"wp","href":"https:\/\/api.w.org\/{rel}","templated":true}]}}