{"id":215,"date":"2018-12-02T19:47:58","date_gmt":"2018-12-02T18:47:58","guid":{"rendered":"http:\/\/uksondraszek.pl\/test\/?page_id=215"},"modified":"2024-11-04T16:07:29","modified_gmt":"2024-11-04T15:07:29","slug":"zawody","status":"publish","type":"page","link":"https:\/\/www.uksondraszek.pl\/index.php\/zawody\/","title":{"rendered":"Zawody"},"content":{"rendered":"\n<p class=\"has-text-align-center has-very-dark-gray-color has-text-color has-medium-font-size\"><em><strong>Przypominamy o konieczno\u015bci posiadania<\/strong><\/em><br><em><strong>aktualnych bada\u0144 lekarskich.<\/strong><\/em><\/p>\n\n\n\n<p><\/p>\n\n\n\n<p><mark style=\"background-color:rgba(0, 0, 0, 0)\" class=\"has-inline-color has-vivid-cyan-blue-color\"><strong>Zg\u0142oszenia zawodnika przez Klub na zawody:  <br>Rodzic\/ Opiekun wysy\u0142a zg\u0142oszenie (prosz\u0119 poda\u0107 konkurencje i ew. czasy) dziecka na adres uks_zawody@op.pl. Zg\u0142oszenia przesy\u0142amy jak najszybciej.<\/strong><\/mark><\/p>\n\n\n\n<p><\/p>\n\n\n\n<p class=\"has-text-align-center has-luminous-vivid-amber-background-color has-background has-large-font-size\"> <strong><em>2024\/2025<\/em><\/strong> <\/p>\n\n\n\n<p class=\"has-text-align-center\">Komunikaty organizacyjne na livetiming.pl.<\/p>\n\n\n\n<p><strong><em>W tym roku startujemy w:<\/em><\/strong><\/p>\n\n\n\n<p>7.12.2024r.- XX Miko\u0142ajkowe Zawody P\u0142ywackie- Wola k\/Mied\u017anej<\/p>\n\n\n\n<p>24.11.2024r.- XVI P\u0142ywackie Andrzejki w Gminie Kozy<\/p>\n\n\n\n<p>9.11.2024r.- XI Zawody P\u0142ywackie o Ciupag\u0119 Ondraszka<\/p>\n\n\n\n<p>26.10.2024r.- X Mityng P\u0142ywacki Rybnik 2024<\/p>\n\n\n\n<p>23.10.2024r.- Liga Szk\u00f3\u0142 i Klub\u00f3w \u015al\u0105skich w Gliwicach<\/p>\n\n\n\n<p>20.10.2024r.- VI Otwarte Mistrzostwa Katowic w P\u0142ywaniu Dzieci i M\u0142odzie\u017cy<\/p>\n\n\n\n<p class=\"has-text-align-center has-luminous-vivid-amber-background-color has-background has-large-font-size\"> <strong><em>2020\/2021<\/em><\/strong> <\/p>\n\n\n\n<p class=\"has-medium-font-size\"><strong><em>Najbli\u017csze zawody:<\/em><\/strong><\/p>\n\n\n\n<h2 class=\"wp-block-heading\">V Mi\u0119dzynarodowe Zawody P\u0142ywackie o Puchar Burmistrza Andrychowa<\/h2>\n\n\n\n<p>Miejsce:Andrych\u00f3w<\/p>\n\n\n\n<p>Termin:2021-06-19<\/p>\n\n\n\n<p><a href=\"http:\/\/live.livetiming.pl\/szulcik\/2021\/06_19_andrychow\/komunikat.pdf\">Komunikat organizacyjny<\/a><\/p>\n\n\n\n<p>Zawody dla rocznik\u00f3w: 2011 i m\u0142odsi, 2010, 2009, 2008, 2007, 2006 i starsi<\/p>\n\n\n\n<p> Zg\u0142oszenia wraz <strong>z podaniem konkurencji<\/strong> przesy\u0142amy wy\u0142\u0105cznie na <a href=\"mailto:uks_zawody@op.pl\">uks_zawody@op.pl<\/a> do: jak najszybciej (ograniczona ilo\u015b\u0107 miejsc).  <\/p>\n\n\n\n<p>\n\nProsimy o zapoznanie si\u0119 z procedurami bezpiecze\u0144stwa.\n\n<\/p>\n\n\n\n<h2 class=\"wp-block-heading\">XI Mi\u0119dzynarodowy Miting P\u0142ywacki<\/h2>\n\n\n\n<p>Miejsce:Paw\u0142owice<\/p>\n\n\n\n<p>Termin:2021-04-24<\/p>\n\n\n\n<p><a href=\"http:\/\/live.megatiming.pl\/wisnia\/2021\/04_24_pawlowice\/komunikat.pdf\">Komunikat organizacyjny<\/a><\/p>\n\n\n\n<p>Zawody dla rocznik\u00f3w:<\/p>\n\n\n\n<p>I blok- 2014 i m\u0142odsi, 2013, 2012, 2011<\/p>\n\n\n\n<p>II blok- 2010, 2009, 2008, 2007, 2006, 2005-2004<\/p>\n\n\n\n<p>Zg\u0142oszenia wraz <strong>z podaniem konkurencji<\/strong> przesy\u0142amy wy\u0142\u0105cznie na <a href=\"mailto:uks_zawody@op.pl\">uks_zawody@op.pl<\/a> do: jak najszybciej (ograniczona ilo\u015b\u0107 miejsc).   <\/p>\n\n\n\n<p>Prosimy o zapoznanie si\u0119 z procedurami bezpiecze\u0144stwa.<\/p>\n\n\n\n<h2 class=\"wp-block-heading\">Wielki Ma\u0142y P\u0142ywak 2021<\/h2>\n\n\n\n<p>Miejsce:Radlin<\/p>\n\n\n\n<p>Termin:2021-04-24<\/p>\n\n\n\n<p><a href=\"http:\/\/live.megatiming.pl\/balys\/2021\/04_24_radlin\/komunikat.pdf\">Komunikat organizacyjny<\/a><\/p>\n\n\n\n<p>Zawody dla rocznik\u00f3w:<\/p>\n\n\n\n<p>I blok- 2013 i m\u0142odsi, 2012, 2011<\/p>\n\n\n\n<p>II blok- 2010, 2009, 2008, 2007, 2006<\/p>\n\n\n\n<p>Zg\u0142oszenia wraz <strong>z podaniem konkurencji<\/strong> przesy\u0142amy wy\u0142\u0105cznie na <a href=\"mailto:uks_zawody@op.pl\">uks_zawody@op.pl<\/a> do: jak najszybciej (ograniczona ilo\u015b\u0107 miejsc).   <\/p>\n\n\n\n<p>Prosimy o zapoznanie si\u0119 z procedurami bezpiecze\u0144stwa.<\/p>\n\n\n\n<h2 class=\"wp-block-heading\">VI Wiosenne Zawody P\u0142ywackie w Woli<\/h2>\n\n\n\n<p>Miejsce:Wola k\/Mied\u017anej<\/p>\n\n\n\n<p>Termin:2021-04-10<\/p>\n\n\n\n<p><a href=\"http:\/\/live.megatiming.pl\/szulcik\/2021\/04_10_wola\/komunikat.pdf\">Komunikat organizacyjny<\/a><\/p>\n\n\n\n<p>Zawody dla rocznik\u00f3w:<\/p>\n\n\n\n<p>I blok- 2013 i m\u0142odsi, 2012, 2011<\/p>\n\n\n\n<p>II blok- 2010, 2009, 2008, 2007 i starsi<\/p>\n\n\n\n<p>Zg\u0142oszenia wraz <strong>z podaniem konkurencji<\/strong> przesy\u0142amy wy\u0142\u0105cznie na <a href=\"mailto:uks_zawody@op.pl\">uks_zawody@op.pl<\/a> do: jak najszybciej (ograniczona ilo\u015b\u0107 miejsc).   <\/p>\n\n\n\n<p>Prosimy o zapoznanie si\u0119 z procedurami bezpiecze\u0144stwa.<\/p>\n\n\n\n<h2 class=\"wp-block-heading\">Mi\u0119dzynarodowe zawody o puchar Need For Swim 2020<\/h2>\n\n\n\n<p>Miejsce:Radlin<\/p>\n\n\n\n<p>Termin:2020-12-19<\/p>\n\n\n\n<p><a href=\"http:\/\/live.megatiming.pl\/szulcik\/2020\/12_19_radlin\/komunikat.pdf\">Komunikat organizacyjny<\/a><\/p>\n\n\n\n<p>Zawody dla rocznik\u00f3w: blok I- 2012 i m\u0142odsi, 2011, 2010, blok II- 2009, 2008, 2007, 2006, 2005 i starsi<\/p>\n\n\n\n<p> Zg\u0142oszenia wraz z podaniem konkurencji przesy\u0142amy wy\u0142\u0105cznie na <a href=\"mailto:uks_zawody@op.pl\">uks_zawody@op.pl<\/a> do: jak najszybciej (ograniczona ilo\u015b\u0107 miejsc).  <\/p>\n\n\n\n<p><a href=\"http:\/\/www.megatiming.pl\/contest\/fb0afc80-9f52-40bc-8b95-cbb6c7b8b1fb\">Procedury bezpiecze\u0144stwa oraz O\u015bwiadczenia<\/a> dot. COVID-19<\/p>\n\n\n\n<h2 class=\"wp-block-heading\">Bijemy Rekordy pod patronatem Paw\u0142a Korzeniowskiego<\/h2>\n\n\n\n<p>Miejsce:O\u015bwi\u0119cim<\/p>\n\n\n\n<p>Termin:2020-12-19<\/p>\n\n\n\n<p><a href=\"http:\/\/live.megatiming.pl\/zak\/2020\/12_19_oswiecim\/komunikat.pdf\">Komunikat organizacyjny<\/a><\/p>\n\n\n\n<p>Zg\u0142oszenia wraz z podaniem konkurencji przesy\u0142amy wy\u0142\u0105cznie na <a href=\"mailto:uks_zawody@op.pl\">uks_zawody@op.pl<\/a> do: jak najszybciej (ograniczona ilo\u015b\u0107 miejsc). Po dokonaniu zg\u0142oszenia organizator zawod\u00f3w wy\u0142oni zawodnik\u00f3w zakwalifikowanych do poszczeg\u00f3lnych blok\u00f3w zawod\u00f3w oraz list\u0119 zawodnik\u00f3w rezerwowych.<\/p>\n\n\n\n<p>Zawody dla rocznik\u00f3w:  blok II- 2011-2010, 2009, blok III- 2008, 2007, blok I i IV- 2006-2005, 2004 i starsi <\/p>\n\n\n\n<p><a href=\"http:\/\/www.megatiming.pl\/contest\/8bbb7b84-18fd-4d01-b81e-81d48edb7fec\">Procedury bezpiecze\u0144stwa i O\u015bwiadczenia dot. COVID-19<\/a><\/p>\n\n\n\n<h2 class=\"wp-block-heading\">XIII P\u0142ywackie Andrzejki w Gminie Kozy &#8211; ODWO\u0141ANE<\/h2>\n\n\n\n<p>Miejsce: Kozy<\/p>\n\n\n\n<p>Termin: 2020-11-29<\/p>\n\n\n\n<p><a href=\"http:\/\/live.megatiming.pl\/zak\/2020\/11_29_kozy\/komunikat.pdf\">Komunikat organizacyjny<\/a><\/p>\n\n\n\n<p>Zg\u0142oszenia wraz z podaniem konkurencji przesy\u0142amy wy\u0142\u0105cznie na <a href=\"mailto:uks_zawody@op.pl\">uks_zawody@op.pl<\/a> do: jak najszybciej (ograniczona ilo\u015b\u0107 miejsc)<\/p>\n\n\n\n<h2 class=\"wp-block-heading\">VI Jesienne Zawody P\u0142ywackie- ODWO\u0141ANE<\/h2>\n\n\n\n<p>Miejsce: Wola k\/Mied\u017anej<\/p>\n\n\n\n<p>Termin: 24 pa\u017adziernika 2020r.<\/p>\n\n\n\n<p>Zawody dla rocznik\u00f3w: I blok- 2013 i m\u0142odsi, 2012, 2011<\/p>\n\n\n\n<p>II blok- 2010, 2009 2008, 2007, 2006 i starsi<\/p>\n\n\n\n<p>Zg\u0142oszenia wraz z podaniem konkurencji przesy\u0142amy wy\u0142\u0105cznie na <a href=\"mailto:uks_zawody@op.pl\">uks_zawody@op.pl<\/a> do dnia 9 pa\u017adziernika 2020 godz.20.00 <\/p>\n\n\n\n<p><a href=\"http:\/\/live.megatiming.pl\/szulcik\/2020\/10_24_wola\/komunikat.pdf\">Komunikat organizacyjny<\/a><\/p>\n\n\n\n<p><a href=\"http:\/\/muksgilus.slask.pl\/upload\/oswiadczenie_zawodnika_covid.pdf\">O\u015bwiadczenie zawodnika<\/a><\/p>\n\n\n\n<h2 class=\"wp-block-heading\">II Zawody z Okazji \u015awi\u0119ta Niepodleg\u0142o\u015bci 2020<\/h2>\n\n\n\n<p>Miejsce: Radlin<\/p>\n\n\n\n<p>Termin: 14 listopada 2020r.<\/p>\n\n\n\n<p>Zawody dla rocznik\u00f3w: I blok- 2012 i m\u0142odsi, 2011, 2010,<\/p>\n\n\n\n<p>II blok- 2009, 2008, 2007, 2006, 2005 i starsi<\/p>\n\n\n\n<p>Zg\u0142oszenia wraz z podaniem konkurencji i czasu przesy\u0142amy wy\u0142\u0105cznie na <a href=\"mailto:uks_zawody@op.pl\">uks_zawody@op.pl<\/a> do dnia 7 pa\u017adziernika 2020 godz.20.00<\/p>\n\n\n\n<p><a href=\"http:\/\/live.megatiming.pl\/szulcik\/2020\/11_14_radlin\/komunikat.pdf\">Komunikat organizacyjny<\/a><\/p>\n\n\n\n<p><a href=\"http:\/\/live.megatiming.pl\/szulcik\/2020\/11_14_radlin\/zgoda.pdf\">Zgoda na udzia\u0142 w zawodach<\/a><\/p>\n\n\n\n<p class=\"has-large-font-size\"><strong>Zawody p\u0142ywackie Gliwice 2020<\/strong><\/p>\n\n\n\n<p>Miejsce: Gliwice<\/p>\n\n\n\n<p>Termin: 10 pa\u017adziernika 2020r.<\/p>\n\n\n\n<p>Zawody dla rocznik\u00f3w: I blok- 2011 i m\u0142odsi, 2010, 2009, 2008 &#8211; ORGANIZATOR ZAMKN\u0104\u0141 ZAPISY NA I BLOK!!!<\/p>\n\n\n\n<p>II blok- 2007, 2006, 2005, 2004, 2003<\/p>\n\n\n\n<p>Zg\u0142oszenia wraz z podaniem konkurencji i czasu przesy\u0142amy wy\u0142\u0105cznie na <a href=\"mailto:uks_zawody@op.pl\">uks_zawody@op.pl<\/a> do dnia 28 wrze\u015bnia 2020 godz.15.00<\/p>\n\n\n\n<p><a href=\"http:\/\/live.megatiming.pl\/wisnia\/2020\/10_10_gliwice\/komunikat.pdf\">Komunikat organizacyjny <\/a>  <\/p>\n\n\n\n<p><a href=\"http:\/\/live.megatiming.pl\/wisnia\/2020\/10_10_gliwice\/index.html\">Wyniki<\/a> 2008 i m\u0142odsi         <a href=\"http:\/\/live.megatiming.pl\/wisnia\/2020\/10_10_gliwice1\/index.html\">Wyniki<\/a> 2007- 2003<\/p>\n\n\n\n<p class=\"has-text-align-center has-very-dark-gray-color has-luminous-vivid-amber-background-color has-text-color has-background has-large-font-size\"><strong><em>2019\/2020<\/em><\/strong><\/p>\n\n\n\n<p class=\"has-very-dark-gray-color has-text-color has-medium-font-size\"><strong><em>Najbli\u017csze zawody:<\/em><\/strong><\/p>\n\n\n\n<h2 class=\"wp-block-heading\"> Zawody p\u0142ywackie o Puchar Dyrektora CSW w Kozach <\/h2>\n\n\n\n<p>Miejsce: Kozy<\/p>\n\n\n\n<p>Termin: 2020-04-19<\/p>\n\n\n\n<p>Zawody dla rocznik\u00f3w: 2011 i m\u0142odsi, 2010, 2009, 2008, 2007, 2006 i starsi<\/p>\n\n\n\n<p> Zg\u0142oszenia wraz z podaniem konkurencji i czasu przesy\u0142amy wy\u0142\u0105cznie na <a href=\"mailto:uks_zawody@op.pl\">uks_zawody@op.pl<\/a> do dnia 3 kwietnia 2020  <\/p>\n\n\n\n<p><a href=\"http:\/\/live.megatiming.pl\/balys\/2020\/04_19_kozy\/komunikat.pdf\">Komunikat<\/a><\/p>\n\n\n\n<p>Wyniki<\/p>\n\n\n\n<h2 class=\"wp-block-heading\">XI Zabrza\u0144ski Miting P\u0142ywacki<\/h2>\n\n\n\n<p>Miejsce: Zabrze<\/p>\n\n\n\n<p>Termin: 2020-04-05<\/p>\n\n\n\n<p> Zawody dla rocznik\u00f3w: 2012 i m\u0142odsi, 2011, 2010, 2009, 2008, 2007, 2006, 2005<\/p>\n\n\n\n<p> Zg\u0142oszenia wraz z podaniem konkurencji i czasu przesy\u0142amy wy\u0142\u0105cznie na <a href=\"mailto:uks_zawody@op.pl\">uks_zawody@op.pl<\/a> do dnia 20 marca 2020 <\/p>\n\n\n\n<p><a href=\"http:\/\/live.megatiming.pl\/wisnia\/2020\/04_05_zabrze\/komunikat.pdf\">Komunikat<\/a><\/p>\n\n\n\n<p>Wyniki<\/p>\n\n\n\n<h2 class=\"wp-block-heading\">VI Wiosenne zawody P\u0142ywackie<\/h2>\n\n\n\n<p>Miejsce: Wola k\/ Mied\u017anej<\/p>\n\n\n\n<p>Termin: 2020-03-28<\/p>\n\n\n\n<p>Zawody dla rocznik\u00f3w: 2012 i m\u0142odsi, 2011, 2010, 2009, 2008, 2007, 2006, 2005 i starsi<\/p>\n\n\n\n<p> Zg\u0142oszenia wraz z podaniem konkurencji i czasu przesy\u0142amy wy\u0142\u0105cznie na <a href=\"mailto:uks_zawody@op.pl\">uks_zawody@op.pl<\/a> do dnia 13 marca 2020<\/p>\n\n\n\n<p><a href=\"http:\/\/live.megatiming.pl\/szulcik\/2020\/03_28_wola\/komunikat.pdf\">Komunikat<\/a><\/p>\n\n\n\n<p>Wyniki<\/p>\n\n\n\n<h2 class=\"wp-block-heading\">ISM Delfin Cieszyn 2020<\/h2>\n\n\n\n<p>Miejsce:Cieszyn<\/p>\n\n\n\n<p>Termin: 2020-02-22<\/p>\n\n\n\n<p>Zawody dla rocznik\u00f3w: 2009 i m\u0142odsi, 2008-2007, 2006-2005, 2004 i starsi.<\/p>\n\n\n\n<p>Zg\u0142oszenia wraz z podaniem konkurencji i czasu przesy\u0142amy wy\u0142\u0105cznie na <a href=\"mailto:uks_zawody@op.pl\">uks_zawody@op.pl<\/a> do dnia 9 lutego 2020.<\/p>\n\n\n\n<p><a href=\"http:\/\/www.megatiming.pl\/contest\/a49c2086-6484-47e5-ba80-42381580f7e0\">Komunikat<\/a><\/p>\n\n\n\n<p><a href=\"http:\/\/live.megatiming.pl\/widzik\/2020\/02_22_cieszyn\/index.html\">Wyniki<\/a><\/p>\n\n\n\n<h2 class=\"wp-block-heading\">Puchar Silesia 2020<\/h2>\n\n\n\n<p>Miejsce: Katowice<\/p>\n\n\n\n<p>Termin: 7 lutego 2020 &#8211; 9 lutego 2020<\/p>\n\n\n\n<p>Zawody dla rocznik\u00f3w: 2010 i m\u0142odsi, 2009-2008, 2007- 2006, 2005-2004, OPEN<\/p>\n\n\n\n<p>Zg\u0142oszenia wraz z podaniem konkurencji i czasu przesy\u0142amy wy\u0142\u0105cznie na <a href=\"mailto:uks_zawody@op.pl\">uks_zawody@op.pl<\/a> do dnia 28 stycznia 2020 roku.<\/p>\n\n\n\n<p><a href=\"http:\/\/live.megatiming.pl\/szulcik\/2020\/02_09_katowice\/komunikat.pdf\">Komunikat organizacyjny<\/a><\/p>\n\n\n\n<p><a href=\"http:\/\/live.megatiming.pl\/szulcik\/2020\/02_09_katowice\/index.html\">Wyniki<\/a><\/p>\n\n\n\n<h2 class=\"wp-block-heading\">XVI Miko\u0142ajkowe Zawody P\u0142ywackie w Woli<\/h2>\n\n\n\n<p>Miejsce: Wola k\/ Mied\u017anej<\/p>\n\n\n\n<p>Termin: 14 grudnia 2019<\/p>\n\n\n\n<p>Zawody dla rocznik\u00f3w: 2012 i m\u0142odsi, 2011, 2010, 2009, 2008, 2007, 2006, 2005 i starsi<\/p>\n\n\n\n<p> Zg\u0142oszenia wraz z podaniem konkurencji i czasu przesy\u0142amy wy\u0142\u0105cznie na <a href=\"mailto:uks_zawody@op.pl\">uks_zawody@op.pl<\/a> do dnia 30 listopada 2019 roku. <\/p>\n\n\n\n<p><a href=\"http:\/\/live.megatiming.pl\/szulcik\/2019\/12_14_wola\/komunikat.pdf\">Komunikat organizacyjny<\/a><\/p>\n\n\n\n<p><a href=\"http:\/\/live.megatiming.pl\/szulcik\/2019\/12_14_wola\/index.html\">Wyniki<\/a><\/p>\n\n\n\n<h2 class=\"wp-block-heading\">XII P\u0142ywackie Andrzejki w Gminie Kozy<\/h2>\n\n\n\n<p>Miejsce: Kozy<\/p>\n\n\n\n<p>Termin: 7 grudnia 2019<\/p>\n\n\n\n<p>Zawody dla rocznik\u00f3w: 2010 i m\u0142odsi, 2009, 2008, 2007, 2006, 2005 i starsi  (zawodnicy 2009 i starsi mog\u0105 by\u0107 zg\u0142oszeni jedynie je\u015bli posiadaj\u0105 status aktywny w systemie SEL)<\/p>\n\n\n\n<p>Zg\u0142oszenia wraz z podaniem konkurencji i czasu przesy\u0142amy wy\u0142\u0105cznie na <a href=\"mailto:uks_zawody@op.pl\">uks_zawody@op.pl<\/a> do dnia 16 listopada 2019 roku. <\/p>\n\n\n\n<p><a href=\"http:\/\/live.megatiming.pl\/zak\/2019\/12_07_kozy\/komunikat.pdf\">Komunikat organizacyjny<\/a><\/p>\n\n\n\n<p><a href=\"http:\/\/live.megatiming.pl\/zak\/2019\/12_07_kozy\/wyniki.htm\">Wyniki<\/a><\/p>\n\n\n\n<h2 class=\"wp-block-heading\">I Zawody P\u0142ywackie z Okazji \u015awi\u0119ta Niepodleg\u0142o\u015bci<\/h2>\n\n\n\n<p>Miejsce: Radlin<\/p>\n\n\n\n<p>Termin: 9 listopada 2019<\/p>\n\n\n\n<p>Zawody dla rocznik\u00f3w: 2012 i m\u0142odsi, 2011, 2010, 2009, 2008, 2007, 2006, 2005 i starsi  (zawodnicy 2009 i starsi mog\u0105 by\u0107 zg\u0142oszeni jedynie je\u015bli posiadaj\u0105 status aktywny w systemie SEL) <\/p>\n\n\n\n<p>Zg\u0142oszenia wraz z podaniem konkurencji i czasu przesy\u0142amy wy\u0142\u0105cznie na <a href=\"mailto:uks_zawody@op.pl\">uks_zawody@op.pl<\/a> do dnia 27 pa\u017adziernika 2019 roku.<\/p>\n\n\n\n<p><a href=\"http:\/\/live.megatiming.pl\/szulcik\/2019\/11_09_radlin\/komunikat.pdf\">Komunikat organizacyjny<\/a><\/p>\n\n\n\n<p><a href=\"http:\/\/live.megatiming.pl\/szulcik\/2019\/11_09_radlin\/index.html\">Wyniki<\/a><\/p>\n\n\n\n<h2 class=\"wp-block-heading\">Puchar Sprintu Night&amp;Lights 2019<\/h2>\n\n\n\n<p>Miejsce: Gliwice<\/p>\n\n\n\n<p>Termin: 9 listopada 2019<\/p>\n\n\n\n<p>Zawody dla rocznik\u00f3w: 2004-2005, 2006-2007, 2008-2009, 2010 i m\u0142odsi (zawodnicy 2009 i starsi mog\u0105 by\u0107 zg\u0142oszeni jedynie je\u015bli posiadaj\u0105 status aktywny w systemie SEL) <\/p>\n\n\n\n<p>Zg\u0142oszenia wraz z podaniem konkurencji i czasu przesy\u0142amy wy\u0142\u0105cznie na <a href=\"mailto:uks_zawody@op.pl\">uks_zawody@op.pl<\/a> do dnia 11 pa\u017adziernika 2019 roku.<\/p>\n\n\n\n<p><a href=\"http:\/\/live.megatiming.pl\/wisnia\/2019\/11_09_gliwice\/komunikat.pdf\">Komunikat organizacyjny  <\/a><\/p>\n\n\n\n<p><a href=\"http:\/\/live.megatiming.pl\/wisnia\/2019\/11_09_gliwice\/wyniki.pdf\">Wyniki<\/a><\/p>\n\n\n\n<h2 class=\"wp-block-heading\">VIII Zawody p\u0142ywackie o Ciupag\u0119 Ondraszka<\/h2>\n\n\n\n<p>Miejsce: Bielsko Bia\u0142a, p\u0142ywalnia Troclik<\/p>\n\n\n\n<p>Termin: 26 pa\u017adziernika 2019<\/p>\n\n\n\n<p>Zawody dla rocznik\u00f3w: 2010-2011, 2009, 2008, 2007, 2006 (roczniki starsze z UKS Ondraszek p\u0142yn\u0105 PK)<\/p>\n\n\n\n<p>Zg\u0142oszenia wraz z podaniem konkurencji i czasu przesy\u0142amy wy\u0142\u0105cznie na <a href=\"mailto:uks_zawody@op.pl\">uks_zawody@op.pl<\/a> do dnia 20 pa\u017adziernika 2019 roku.<\/p>\n\n\n\n<p><a href=\"http:\/\/live.megatiming.pl\/balys\/2019\/10_26_bielsko\/komunikat.pdf\">Komunikat organizacyjny<\/a><\/p>\n\n\n\n<p><a href=\"http:\/\/live.megatiming.pl\/balys\/2019\/10_26_bielsko\/index.html\">Wyniki<\/a><\/p>\n\n\n\n<p class=\"has-text-align-center has-very-dark-gray-color has-luminous-vivid-amber-background-color has-text-color has-background has-large-font-size\"><strong><em>2018\/2019<\/em><\/strong><\/p>\n\n\n\n<h2 class=\"wp-block-heading\">IV Mi\u0119dzynarodowe Zawody P\u0142ywackie o Puchar Burmistrza Andrychowa<\/h2>\n\n\n\n<p>Miejsce: Andrych\u00f3w<\/p>\n\n\n\n<p>Termin: 15 czerwca 2019<\/p>\n\n\n\n<p>Zawody dla rocznik\u00f3w: 2009 i m\u0142odsi, 2008, 2007, 2006, 2005, 2004 i starsi<\/p>\n\n\n\n<p> Zg\u0142oszenia wraz z podaniem konkurencji i czasu przesy\u0142amy wy\u0142\u0105cznie na <a href=\"mailto:uks_zawody@op.pl\">uks_zawody@op.pl<\/a> do dnia 8 czerwca 2019 roku. <\/p>\n\n\n\n<p><a href=\"http:\/\/live.megatiming.pl\/szulcik\/2019\/06_15_andrychow\/komunikat.pdf\">Komunikat organizacyjny<\/a><\/p>\n\n\n\n<h2 class=\"wp-block-heading\">Zawody p\u0142ywackie o Puchar Dyrektora CSW w Kozach<\/h2>\n\n\n\n<p>Miejsce: Kozy<\/p>\n\n\n\n<p>Termin: 28 kwietnia 2019<\/p>\n\n\n\n<p>Zawody dla rocznik\u00f3w: 2005 i starsi do 2010 i m\u0142odsi<\/p>\n\n\n\n<p> Zg\u0142oszenia wraz z podaniem konkurencji i czasu przesy\u0142amy wy\u0142\u0105cznie na <a href=\"mailto:uks_zawody@op.pl\">uks_zawody@op.pl<\/a> do dnia 10 kwietnia 2019 roku.<\/p>\n\n\n\n<p><a href=\"http:\/\/live.megatiming.pl\/balys\/2019\/04_28_kozy\/komunikat.pdf\">Komunikat organizacyjny<\/a><\/p>\n\n\n\n<p>Wyniki:  <a href=\"http:\/\/live.megatiming.pl\/balys\/2019\/04_28_kozy\/index.html\">http:\/\/live.megatiming.pl\/balys\/2019\/04_28_kozy\/index.html<\/a> <\/p>\n\n\n\n<h2 class=\"wp-block-heading\">X Mi\u0119dzynarodowy Miting P\u0142ywacki Paw\u0142owice 2019<\/h2>\n\n\n\n<p>Miejsce: Paw\u0142owice<\/p>\n\n\n\n<p>Termin:13-14 kwietnia 2019<\/p>\n\n\n\n<p>Zawody dla rocznik\u00f3w 2003- 2011 i m\u0142odsi<\/p>\n\n\n\n<p>Zg\u0142oszenia wraz z podaniem konkurencji i czasu przesy\u0142amy wy\u0142\u0105cznie na <a href=\"mailto:uks_zawody@op.pl\">uks_zawody@op.pl<\/a> do dnia 30 marca 2019 roku. <\/p>\n\n\n\n<p><a href=\"http:\/\/live.megatiming.pl\/wisnia\/2019\/04_14_pawlowice\/komunikat.pdf\">Komunikat organizacyjny<\/a><\/p>\n\n\n\n<p>Wyniki:  <br><a href=\"http:\/\/live.megatiming.pl\/wisnia\/2019\/04_14_pawlowice\/index.html\">http:\/\/live.megatiming.pl\/wisnia\/2019\/04_14_pawlowice\/index.html<\/a> <\/p>\n\n\n\n<h2 class=\"wp-block-heading\">IX Zabrza\u0144ski Miting P\u0142ywacki w p\u0142ywaniu<\/h2>\n\n\n\n<p>Miejsce: Zabrze<\/p>\n\n\n\n<p>Termin: 2019-03-24<\/p>\n\n\n\n<p>Zawody dla rocznik\u00f3w 2006-2011 i m\u0142odszych<\/p>\n\n\n\n<p>Zg\u0142oszenia wraz z podaniem konkurencji i czasu przesy\u0142amy wy\u0142\u0105cznie na <a href=\"mailto:uks_zawody@op.pl\">uks_zawody@op.pl<\/a> do dnia 3 marca 2019 roku.<\/p>\n\n\n\n<p><a href=\"http:\/\/live.megatiming.pl\/wisnia\/2019\/03_24_zabrze\/komunikat.pdf\">Komunikat organizacyjny<\/a><\/p>\n\n\n\n<p>Wyniki: <a href=\"http:\/\/live.megatiming.pl\/wisnia\/2019\/03_24_zabrze\/index.html\">http:\/\/live.megatiming.pl\/wisnia\/2019\/03_24_zabrze\/index.html<\/a><\/p>\n\n\n\n<h2 class=\"wp-block-heading\">ISM Delfin Cieszyn 2019<\/h2>\n\n\n\n<p>Miejsce:Cieszyn<\/p>\n\n\n\n<p>Termin:2019-04-06 &#8211; 2019-04-07<\/p>\n\n\n\n<p>Zawody dla rocznik\u00f3w 2009 i starszych<\/p>\n\n\n\n<p>Zg\u0142oszenia wraz z podaniem konkurencji i czasu przesy\u0142amy wy\u0142\u0105cznie na uks_zawody@op.pl do dnia 17 marca 2019 roku.<\/p>\n\n\n\n<p><a href=\"http:\/\/live.megatiming.pl\/widzik\/2019\/04_07_cieszyn\/komunikat.pdf\">Komunikat organizacyjny<\/a><\/p>\n\n\n\n<p>Wyniki:  <br><a href=\"http:\/\/live.megatiming.pl\/widzik\/2019\/04_07_cieszyn\/index.html\">http:\/\/live.megatiming.pl\/widzik\/2019\/04_07_cieszyn\/index.html<\/a> <\/p>\n\n\n\n<h2 class=\"wp-block-heading\">V Wiosenne Zawody P\u0142ywackie<\/h2>\n\n\n\n<p> Miejsce:Wola k\/Mied\u017anej <\/p>\n\n\n\n<p>Termin: UWAGA- ZMIANA TERMINU ZAWOD\u00d3W NA 2019-03-30<\/p>\n\n\n\n<p>Zawody dla rocznik\u00f3w 2004 i starszych do 2012 i m\u0142odszych.<\/p>\n\n\n\n<p> Zg\u0142oszenia wraz z podaniem konkurencji i czasu przesy\u0142amy wy\u0142\u0105cznie na uks_zawody@op.pl do dnia 10 marca 2019 roku. <\/p>\n\n\n\n<p><a href=\"http:\/\/live.megatiming.pl\/szulcik\/2019\/03_30_wola\/komunikat.pdf\">Komunikat organizacyjny<\/a><\/p>\n\n\n\n<p>Wyniki: <a href=\"http:\/\/live.megatiming.pl\/szulcik\/2019\/03_30_wola\/index.html\">http:\/\/live.megatiming.pl\/szulcik\/2019\/03_30_wola\/index.html<\/a><\/p>\n","protected":false},"excerpt":{"rendered":"<p>Przypominamy o konieczno\u015bci posiadaniaaktualnych bada\u0144 lekarskich. Zg\u0142oszenia zawodnika przez Klub na zawody: Rodzic\/ Opiekun wysy\u0142a zg\u0142oszenie (prosz\u0119 poda\u0107 konkurencje i ew. czasy) dziecka na adres uks_zawody@op.pl. Zg\u0142oszenia przesy\u0142amy jak najszybciej. 2024\/2025 Komunikaty organizacyjne na livetiming.pl. W tym roku startujemy w: 7.12.2024r.- XX Miko\u0142ajkowe Zawody P\u0142ywackie- Wola k\/Mied\u017anej 24.11.2024r.- XVI P\u0142ywackie Andrzejki w Gminie Kozy 9.11.2024r.-&hellip; <br \/> <a class=\"read-more\" href=\"https:\/\/www.uksondraszek.pl\/index.php\/zawody\/\">Dowiedz si\u0119 wi\u0119cej<\/a><\/p>\n","protected":false},"author":1,"featured_media":0,"parent":0,"menu_order":0,"comment_status":"closed","ping_status":"closed","template":"","meta":{"_monsterinsights_skip_tracking":false,"_monsterinsights_sitenote_active":false,"_monsterinsights_sitenote_note":"","_monsterinsights_sitenote_category":0,"footnotes":""},"class_list":["post-215","page","type-page","status-publish","hentry"],"_links":{"self":[{"href":"https:\/\/www.uksondraszek.pl\/index.php\/wp-json\/wp\/v2\/pages\/215","targetHints":{"allow":["GET"]}}],"collection":[{"href":"https:\/\/www.uksondraszek.pl\/index.php\/wp-json\/wp\/v2\/pages"}],"about":[{"href":"https:\/\/www.uksondraszek.pl\/index.php\/wp-json\/wp\/v2\/types\/page"}],"author":[{"embeddable":true,"href":"https:\/\/www.uksondraszek.pl\/index.php\/wp-json\/wp\/v2\/users\/1"}],"replies":[{"embeddable":true,"href":"https:\/\/www.uksondraszek.pl\/index.php\/wp-json\/wp\/v2\/comments?post=215"}],"version-history":[{"count":38,"href":"https:\/\/www.uksondraszek.pl\/index.php\/wp-json\/wp\/v2\/pages\/215\/revisions"}],"predecessor-version":[{"id":1403,"href":"https:\/\/www.uksondraszek.pl\/index.php\/wp-json\/wp\/v2\/pages\/215\/revisions\/1403"}],"wp:attachment":[{"href":"https:\/\/www.uksondraszek.pl\/index.php\/wp-json\/wp\/v2\/media?parent=215"}],"curies":[{"name":"wp","href":"https:\/\/api.w.org\/{rel}","templated":true}]}}